der when h is divided by 15?
13
Let i = 11 - -58. What is the remainder when i is divided by 14?
13
Suppose 4*o + 34 = 174. Let g = o + -24. Calculate the remainder when g is divided by 6.
5
Let l(h) = 1 + 9*h**2 + h**3 - 3 + 18*h - 9*h - 8. What is the remainder when l(-7) is divided by 9?
7
Let v = -20 - -14. Let y = 12 - -3. Calculate the remainder when 12/(-5)*y/v is divided by 4.
2
Suppose 2*k - 40 = -w + k, 0 = -3*w + 5*k + 96. Let i = w + 38. Calculate the remainder when i is divided by 19.
18
Suppose -5*f = 4*g - f - 36, 0 = 3*f - 15. Suppose 4*x + 77 = 5*w, -2*x = g*w - 6*x - 64. Calculate the remainder when 50 is divided by w.
11
Calculate the remainder when 82 is divided by (-635)/(-30) - 1/6.
19
Suppose -4*y = y - 55. Let g = 87 + -41. Suppose v = -15 + g. Calculate the remainder when v is divided by y.
9
Suppose -2*w + 4 = -2, -3*x = 2*w - 60. Calculate the remainder when 69 is divided by x.
15
Let f be 2*(-2)/(-4) + 1. Suppose -3 = -2*w + 7, 3*i - f*w - 8 = 0. What is the remainder when 22 is divided by i?
4
Let i(r) = r**3 + 15*r**2 - 20*r - 2. Calculate the remainder when i(-16) is divided by 17.
11
Suppose 0*o + 3*o + 66 = 0. Let i = o + 26. Calculate the remainder when 13 is divided by i.
1
Let t(j) = 2*j + 6. Let p be t(-8). Let s = -22 - p. What is the remainder when ((-15)/s)/(2/24) is divided by 8?
7
Let i = -7 - -13. Suppose 111 = 5*c + 31. Let t = c - 0. Calculate the remainder when t is divided by i.
4
Suppose -3*l + 25 = -2. Let m(t) = -t**3 - 6*t**2 - 3*t - 2. Calculate the remainder when m(-6) is divided by l.
7
Let x = 70 + -55. What is the remainder when 42 is divided by x?
12
Suppose 2*j = 6*j - 24. Let v(o) = -o**2 + 8*o. Suppose 455 = 7*y + 6*y. Calculate the remainder when y is divided by v(j).
11
Let b(d) = -d + 3. Let j be b(-2). Suppose -j*m = -m - 52. Calculate the remainder when 50 is divided by m.
11
Let c = -26 - -57. Calculate the remainder when 87 is divided by c.
25
What is the remainder when (2 - (-3 + 3))*19 is divided by 10?
8
Let v(p) = 7*p + 5. Let a(k) = 7*k + 5. Let w(u) = -7*a(u) + 6*v(u). What is the remainder when w(-5) is divided by (-24)/(1/((-2)/3))?
14
Suppose 0 = -2*j - 2*h + 38, 5*j - 3*h - h = 59. Calculate the remainder when j is divided by 9.
6
Let o = -24 - -56. Calculate the remainder when o is divided by 11.
10
Suppose -2*p - 19 = -b, -3*p - 2 = -8. What is the remainder when 41 is divided by b?
18
Suppose -w - 3*w = l - 92, 0 = 5*w + 2*l - 118. Suppose -2*i = 2*i - 168. What is the remainder when i is divided by w?
20
What is the remainder when (-22)/(-6) + (-7)/(-21) is divided by 3?
1
Suppose -3 = -3*n + 81. What is the remainder when n is divided by 5?
3
Let u = 6 - 4. Suppose 99 + 165 = u*q. Suppose -45 = 3*x + n - q, 4*x - 103 = 3*n. Calculate the remainder when x is divided by 10.
8
Let z(g) = 5*g**2 - g - 4. Suppose -2*n + 9 = q + n, -19 = -3*q - 5*n. Calculate the remainder when z(q) is divided by 10.
8
Let q(n) = -n + 7. What is the remainder when q(-12) is divided by 7?
5
Suppose 4*o - 3*t = -2, -4*t - t = 2*o - 12. Calculate the remainder when 3 is divided by o.
0
Suppose -12 = 2*x - 6*x. Suppose -4*o + 10 = -0*o + 2*d, -2*o = 3*d - x. What is the remainder when o is divided by 3?
0
Suppose 4*j + 6 - 146 = 0. Suppose -3*p + j = -22. What is the remainder when p is divided by (-3 - -1) + 1 + 11?
9
Let k be (-6)/14 + 810/(-70). What is the remainder when 12 is divided by 1/(-4) - 63/k?
2
Suppose -d + 152 = d. Suppose 5*t - 56 = -2*w + d, -4*t - 4*w = -108. Let k = -9 + 18. Calculate the remainder when t is divided by k.
8
Let q = -1 + 3. Suppose 3*j + 12 = 0, q*b + j - 216 = -3*b. What is the remainder when b is divided by 16?
12
Let k = -57 + 26. Let i = k - -52. Suppose 0 = 2*f, -p - 3*f + i = -4. Calculate the remainder when p is divided by 13.
12
Let g = -12 - -29. Calculate the remainder when 29 is divided by g.
12
Suppose -5*f - 64 = -6*f. Let z(l) = -3*l + 7. What is the remainder when f is divided by z(-5)?
20
Suppose 0 = -2*i - v - 2*v + 9, 4*v = i - 32. Suppose 0 = 4*l + 2*f - 3*f - 241, -4*f = -i. Let t = l - 28. What is the remainder when t is divided by 9?
6
Let g = -204 + 419. Calculate the remainder when g is divided by 12.
11
Calculate the remainder when 27 is divided by (-4)/22 + (-2492)/(-154).
11
Let p(u) = u**2 + 3*u - 6. Let n = 6 + 1. Calculate the remainder when p(3) is divided by n.
5
Let a(c) = -2*c. Let t be a(0). Let y(u) = u**3 + 3*u**2 - 4. Let q be y(4). Suppose 4*p = -t*p + q. Calculate the remainder when p is divided by 14.
13
Let f(a) = -a**3 - 5*a**2 + 13*a + 29. What is the remainder when f(-8) is divided by 30?
27
Let m(w) = 36*w**3 - 2*w + 1. Let a be m(1). Suppose -5*f + 140 + a = 0. Suppose 25 = 5*l, -3*v + f = l - 0*l. What is the remainder when 28 is divided by v?
8
Calculate the remainder when (-4 + 0 + -1)*708/(-30) is divided by 30.
28
Let j(f) = f**2 + 2*f + 3. Let y be (-1 - 7)*(-1)/(-2). Calculate the remainder when j(y) is divided by -2 - -8 - (-15 - -18).
2
Let t(d) = d**2 + 6*d - 4. Let o be t(6). Suppose o = 2*b + 2*b. What is the remainder when b is divided by 10?
7
Suppose 5*n + 4*u - 45 = 56, -2*n - 4*u + 38 = 0. What is the remainder when n is divided by (-6 + -4 + 8)*-4?
5
Suppose 0 = -5*m - 1 - 4. Let n(d) = 8*d + 1. Calculate the remainder when m*(-2)/(-2)*-25 is divided by n(1).
7
Let v(l) = -37*l - 24. Calculate the remainder when v(-5) is divided by 18.
17
Suppose b - 26 = 2*a - 4*a, -3*b - 42 = -2*a. Calculate the remainder when 88 is divided by a.
13
Suppose 5*s + 6 = 81. Let n(i) = 3*i**3 - 5*i**2. Let z be n(4). Suppose f + 5*q = 3*f - 63, -4*f - 4*q = -z. Calculate the remainder when f is divided by s.
14
Let l be 30 + -1 - 0 - 1. Calculate the remainder when 2/(-8) + 1323/l is divided by 10.
7
Let k(i) = -3*i + 6. Calculate the remainder when 22 is divided by k(-2).
10
Let k be (0/(-2))/1 - 3. Let a be k/(-1 + 22/28). Suppose -34 = -4*g + a. Calculate the remainder when 23 is divided by g.
11
Let k(g) = g**2 + 6*g - 9. Let h be k(-7). Let b be (-1 + -1 - h) + 1. What is the remainder when 7 is divided by 1 + (b*6)/3?
1
Suppose 11*u - 52 = 7*u. What is the remainder when u is divided by 4?
1
Let z be 15/(-12) + (-1)/(-4). Let o(w) = -16*w - 3. Calculate the remainder when 50 is divided by o(z).
11
Suppose 10*t - 7*t - 72 = 0. Calculate the remainder when 119 is divided by t.
23
Suppose 0 = 3*f + 2*a - 28, -2*f + 40 = 3*f + 5*a. Suppose 4*l - 14 = 14. What is the remainder when f is divided by l?
5
Suppose 5*r + 82 = g, 3*g - 186 = -0*g + 3*r. Calculate the remainder when g is divided by 174/9 + (-2)/(-3).
17
Suppose 4*i + 0*i = 32. Suppose -3*m - 4*j - 157 = -14, 0 = -4*j - i. Let d = m + 71. What is the remainder when d is divided by 14?
12
Suppose -3*h + 9 = -0*h. Suppose -2*z + h - 1 = 0. Let c = 5 + -2. What is the remainder when c is divided by z?
0
Let b = -1 + 15. Let n = 134 - 81. What is the remainder when n is divided by b?
11
Let w(o) = 2*o**2 - 6*o - 7. Let q be ((-3)/(-2))/(3/8). Let x(i) = i**3 - 5*i**2 + 6*i - 3. Let m be x(q). What is the remainder when w(m) is divided by 7?
6
Let a(h) = -h + 4. Calculate the remainder when 17 is divided by a(-6).
7
Let x(t) = 15*t - 3. Calculate the remainder when x(8) is divided by 24.
21
Let v(n) be the first derivative of 2*n**3/3 + 4*n**2 - 6*n - 5. What is the remainder when v(-8) is divided by 12?
10
Let k = -5 + 20. Suppose -56*z = -51*z - 275. What is the remainder when z is divided by k?
10
Let x = 1 + 4. Suppose 0 = -5*j + j + 16. Suppose 4*s = -z + 40, -8*s + j*s + 5*z + 16 = 0. Calculate the remainder when s is divided by x.
4
Let t(f) = f**2 - 1. Let o(u) = 41*u**2 + 2*u - 5. Let z(q) = o(q) - 5*t(q). Calculate the remainder when z(1) is divided by 13.
12
Let u(l) = 5*l - 4. Let j(b) = b**2 + 3*b - 7. Let x be j(-5). Suppose k + 2 = x*k, -5*n = -3*k - 22. What is the remainder when u(n) is divided by 11?
10
Suppose 3*b - 253 = n + 5, -5*b - 3*n + 416 = 0. What is the remainder when b is divided by 22?
19
Suppose 0*a + 5*d + 199 = 4*a, -158 = -3*a + 2*d. Suppose -5*h + 0*h = -15. Suppose 0*w - 57 = -h*w. What is the remainder when a is divided by w?
18
Suppose 3*q - 7*q + 5*s + 27 = 0, 3*q = -4*s - 3. Suppose 0 = -3*v - x + 10, -q*x - 26